is divided by 109330?
95
Calculate the remainder when 126366 is divided by 454.
154
What is the remainder when 530017 is divided by 530005?
12
What is the remainder when 6186714 is divided by 1546676?
10
What is the remainder when 1383982 is divided by 2280?
22
What is the remainder when 53340207 is divided by 15?
12
What is the remainder when 35905 is divided by 1493?
73
What is the remainder when 231740 is divided by 2310?
740
Calculate the remainder when 122763806 is divided by 203.
165
Calculate the remainder when 66513 is divided by 33168.
177
What is the remainder when 118073805 is divided by 1494?
1491
Calculate the remainder when 6524759 is divided by 177.
8
Calculate the remainder when 644800 is divided by 644799.
1
What is the remainder when 184474509 is divided by 29?
28
What is the remainder when 6664555 is divided by 1208?
19
Calculate the remainder when 2604551 is divided by 109.
105
Calculate the remainder when 499024 is divided by 2898.
568
Calculate the remainder when 57132890 is divided by 1619.
1618
What is the remainder when 4621422 is divided by 31653?
84
What is the remainder when 3012208 is divided by 752950?
408
What is the remainder when 885951 is divided by 442947?
57
What is the remainder when 343262031 is divided by 909?
906
Calculate the remainder when 309455146 is divided by 25161.
7
Calculate the remainder when 90114 is divided by 29740.
894
Calculate the remainder when 334681 is divided by 2517.
2437
What is the remainder when 10252117 is divided by 187?
29
Calculate the remainder when 220843 is divided by 600.
43
What is the remainder when 16565 is divided by 275?
65
Calculate the remainder when 2075255 is divided by 1139.
1136
What is the remainder when 166673337 is divided by 159?
156
Calculate the remainder when 1037965 is divided by 3349.
3124
What is the remainder when 1307318 is divided by 459?
86
What is the remainder when 28709519 is divided by 460?
459
Calculate the remainder when 29640 is divided by 25242.
4398
What is the remainder when 396936 is divided by 131?
6
What is the remainder when 12890 is divided by 3044?
714
What is the remainder when 18965274 is divided by 157?
145
What is the remainder when 46475286 is divided by 1859011?
11
Calculate the remainder when 46532 is divided by 23152.
228
Calculate the remainder when 235718 is divided by 426.
140
Calculate the remainder when 2861315 is divided by 1775.
15
Calculate the remainder when 157111822 is divided by 83216.
14
What is the remainder when 1062082 is divided by 13519?
7600
What is the remainder when 2189195 is divided by 333?
53
Calculate the remainder when 527243 is divided by 1043.
528
What is the remainder when 642217 is divided by 34?
25
What is the remainder when 9678 is divided by 259?
95
Calculate the remainder when 400937 is divided by 303.
68
What is the remainder when 1095869 is divided by 4104?
101
Calculate the remainder when 15083 is divided by 158.
73
What is the remainder when 903181 is divided by 16128?
13
Calculate the remainder when 2174409 is divided by 3624.
9
What is the remainder when 5528559 is divided by 6928?
15
Calculate the remainder when 90627 is divided by 57.
54
What is the remainder when 3858574 is divided by 4?
2
What is the remainder when 562828 is divided by 187545?
193
What is the remainder when 2323887 is divided by 15?
12
Calculate the remainder when 346340 is divided by 5408.
228
What is the remainder when 13747881 is divided by 1240?
1
What is the remainder when 2075206 is divided by 3315?
16
What is the remainder when 1900681 is divided by 16820?
21
Calculate the remainder when 59656 is divided by 6964.
3944
Calculate the remainder when 1119301 is divided by 1252.
13
What is the remainder when 8251410 is divided by 26?
24
What is the remainder when 14695 is divided by 3120?
2215
What is the remainder when 9422118 is divided by 105?
48
Calculate the remainder when 14034606 is divided by 1043.
1041
Calculate the remainder when 2409730 is divided by 126819.
169
Calculate the remainder when 3461626 is divided by 226.
210
What is the remainder when 69007 is divided by 707?
428
Calculate the remainder when 27352394 is divided by 25.
19
Calculate the remainder when 3208062 is divided by 401007.
6
What is the remainder when 5837684 is divided by 1459418?
12
What is the remainder when 156237599 is divided by 39059389?
43
Calculate the remainder when 31336 is divided by 30721.
615
What is the remainder when 16909111 is divided by 123?
55
What is the remainder when 53763787 is divided by 54?
37
Calculate the remainder when 3509922 is divided by 269.
10
Calculate the remainder when 866422 is divided by 8841.
4
What is the remainder when 181177206 is divided by 301962?
6
Calculate the remainder when 104809711 is divided by 146.
107
What is the remainder when 2813001 is divided by 968?
961
Calculate the remainder when 9408972 is divided by 6.
0
What is the remainder when 83247 is divided by 2074?
287
Calculate the remainder when 122503898 is divided by 16.
10
Calculate the remainder when 23596 is divided by 23208.
388
What is the remainder when 203286 is divided by 7340?
5106
What is the remainder when 773693 is divided by 257714?
551
What is the remainder when 4805567 is divided by 158?
155
What is the remainder when 12331216 is divided by 1541401?
8
Calculate the remainder when 951132 is divided by 572.
468
Calculate the remainder when 43946 is divided by 20768.
2410
What is the remainder when 1301126 is divided by 162633?
62
Calculate the remainder when 242440 is divided by 1243.
55
What is the remainder when 2795755 is divided by 88?
83
What is the remainder when 3747629 is divided by 308?
193
What is the remainder when 961317607 is divided by 37?
35
Calculate the remainder when 1971177 is divided by 151624.
65
Calculate the remainder when 2746621 is divided by 32313.
16
What is the remainder when 1366247 is divided by 545?
477
Calculate the remainder when 739412 is divided by 739375.
37
Calculate the remainder when 915165 is divided by 84.
69
Calculate the remainder when 23452 is divided by 38.
6
What is the remainder when 90471 is divided by 730?
681
Calculate the remainder when 35605692 is divided by 97.
96
Calculate the remainder when 1151861 is divided by 41.
7
What is the remainder when 1856331 is divided by 1856242?
89
What is the remainder when 7320590 is divided by 40223?
4
What is the remainder when 240377 is divided by 40060?
17
What is the remainder when 1175956 is divided by 23056?
100
Calculate the remainder when 433447 is divided by 3413.
3409
Calculate the remainder when 1267486 is divided by 376.
366
What is the remainder when 19311200 is divided by 109?
106
What is the remainder when 290038678 is divided by 3615?
3613
What is the remainder when 2071180 is divided by 188280?
100
Calculate the remainder when 19289 is divided by 3823.
174
What is the remainder when 726778 is divided by 3243?
346
Calculate the remainder when 1949014 is divided by 5537.
5527
What is the remainder when 1115771 is divided by 261?
257
What is the remainder when 1753290 is divided by 35065?
40
Calculate the remainder when 12245503 is divided by 1497.
43
What is the remainder when 11163756 is divided by 7364?
7296
What is the remainder when 123543 is divided by 176?
167
Calculate the remainder when 953600 is divided by 10478.
102
Calculate the remainder when 21417 is divided by 2635.
337
What is the remainder when 23031941 is divided by 44?
9
What is the remainder when 431967 is divided by 750?
717
Calculate the remainder when 50761182 is divided by 391.
389
Calculate the remainder when 5062384 is divided by 11129.
9818
What is the remainder when 17196445 is divided by 1143?
10
What is the remainder when 712668 is divided by 41921?
11
What is the remainder when 17135550 is divided by 141616?
14
Calculate the remainder when 1742450 is divided by 248862.
416
Calculate the remainder when 277940 is divided by 818.
638
Calculate the remainder when 89562 is divided by 1688.
98
Calculate the remainder when 459897 is divided by 153215.
252
Calculate the remainder when 289864025 is divided by 45.
35
What is the remainder when 12825297 is divided by 101788?
9
Calculate the remainder when 61134882 is divided by 12.
6
What 